{"id":485,"date":"2021-10-04T18:00:29","date_gmt":"2021-10-04T18:00:29","guid":{"rendered":"http:\/\/rainbowit.net\/themes\/imroz\/?page_id=485"},"modified":"2026-01-21T15:52:49","modified_gmt":"2026-01-21T14:52:49","slug":"digital-agency","status":"publish","type":"page","link":"https:\/\/www.fondotratturomagno.it\/index.php\/digital-agency\/","title":{"rendered":"Regolamento"},"content":{"rendered":"<h2>Regolamento<\/h2>\n<p><b>PROGRAMMA<\/b><br \/>\nLa QUINTA edizione della GRAN FONDO \u201cTRATTURO MAGNO \u201c, fissata a ROSCIANO ( PE) DOMENICA 15 MARZO 2026, \u00e8 aperta a tutti i CICLOAMATORI \u00a0di ambo i sessi, italiani e stranieri compresi tra i 18 e 75 anni, purch\u00e9 tesserati alla ACSI o a Enti della Consulta Nazionale e ai NON TESSERATI purch\u00e9 in possesso di visita medica sportiva agonistica (ciclismo).<br \/>\nI non tesserati possono fare la tessera giornaliera ACSI solo sul posto SABATO pomeriggio e DOMENICA (giorno della manifestazione).<br \/>\nLa manifestazione \u00e8 ad invito ed il Comitato Organizzatore potr\u00e0 in ogni momento ed a suo insindacabile giudizio decidere se accettare o meno l\u2019iscrizione, oppure escludere un iscritto dalla manifestazione nel caso possa arrecare danno all\u2019immagine della stessa. Non verranno accettate iscrizioni di partecipanti squalificati per doping.<br \/>\n.<br \/>\n<b>ISCRIZIONI<\/b><br \/>\n<em>Visita la pagina delle Iscrizioni<\/em><br \/>\n.<br \/>\n<b>CONSEGNA PACCHI GARA <\/b><br \/>\nIl controllo delle tessere, la distribuzione dei numeri, dei chip e pacchi gara avverr\u00e0: SABATO 14 MARZO 2026 dalle ore 15:00 alle ore 19:00 presso Via Roma, Rosciano (Piazza Matteotti) e DOMENICA 15 MARZO 2026 dalle ore 7.00 alle ore 08.30 ISCRIZIONI E RITIRO NUMERI, CHIP, RITIRO PACCO GARA presso Linea Arrivo Via Roma , Rosciano ( PE ) muniti di tessera.<br \/>\n.<br \/>\n<b>PARTENZA<\/b><br \/>\nOre 09.00 partenza per tutte le categorie sia PERCORSO LUNGO che CORTO presso Via Roma \u2013 ROSCIANO ( PE )<\/p>\n<p><b>ARRIVO<\/b><br \/>\nVIA ROMA ROSCIANO ( PE )<br \/>\n<b>DISDETTA ISCRIZIONE<\/b><br \/>\nNel caso un iscritto si trovasse nella impossibilit\u00e0 di partecipare, la quota di iscrizione <strong><em><u>non verr\u00e0<\/u><\/em><\/strong> <strong><em><u>rimborsata<\/u><\/em><\/strong><em>.<\/em> Previa comunicazione nei 7 giorni antecedenti la gara l\u2019iscrizione verr\u00e0 tenuta valida per l\u2019edizione successiva;<br \/>\n<b>ANNULLAMENTO GARA<\/b><br \/>\nLa gara si svolger\u00e0 con qualsiasi condizione atmosferica salvo casi particolari che vadano a mettere a rischio l&#8217;incolumit\u00e0 dei concorrenti o in caso di calamit\u00e0 naturali. In tal caso la quota di partecipazione verr\u00e0 tenuta valida per l&#8217;edizione successiva;<br \/>\n<b>CATEGORIE<\/b><br \/>\nIn base al regolamento ACSI alla data dell\u2019iscrizione \u00e8 aperto a tutti gli atleti di ambo i sessi con et\u00e0 compresa tra i 18 ed i 75 anni tesserati alla ACSI o ad Enti di promozione sportiva<br \/>\n<b>UOMINI<\/b><br \/>\n\u2022 18\/29 anni junior nati dal 2007 al 1997 a.s.<br \/>\n\u2022 30\/34 anni senior 1 nati dal 1996 al 1992 a.s.<br \/>\n\u2022 35\/39 anni senior 2 nati dal 1991 al 1987 a.s.<br \/>\n\u2022 40\/44 anni veterani 1 nati dal 1986 al 1982 a.s.<br \/>\n\u2022 45\/49 anni veterani 2 nati dal 1981 al 1977 a.s.<br \/>\n\u2022 50\/54 anni gentleman 1 nati dal 1976 al 1972 a.s.<br \/>\n\u2022 55\/59 anni gentleman 2 nati dal 1971 al 1967 a.s.<br \/>\n\u2022 60\/64 anni super gentleman A nati dal 1966 al 1962 a.s.<br \/>\n\u2022 65\/75 anni super gentleman B nati dal 1961 al 1951 a.s.<br \/>\n<b>DONNE<\/b><br \/>\n\u2022 18\/39 anni donne A nate dal 2007 al 1987 a.s.<br \/>\n\u2022 40\/49 anni donne B nate dal 1986 al 1977 a.s.<br \/>\n\u2022 50\/70 anni donne C nate dal 1976 al 1956 a.s.<br \/>\nEventuali cambiamenti di regolamento da parte dell\u2019Ente organizzatore determineranno l\u2019adeguamento delle categorie della gara.<br \/>\n<b>PREMIAZIONI<\/b><br \/>\nImmediatamente all\u2019arrivo \u00a0presso ARRIVO<br \/>\nI primi tre assoluti (maschile\/femminile); LUNGO e CORTO<\/p>\n<p><strong>Ore 13,00<\/strong> presso ARRIVO<br \/>\nI primi tre di categoria; LUNGO e CORTO<br \/>\nLe prime tre societ\u00e0 che avranno totalizzato il maggior numero di <u>iscritti partiti<\/u> alla manifestazione<br \/>\n<b><\/b><br \/>\n<b>ASSISTENZA SANITARIA<\/b><br \/>\nPrevede l&#8217;impiego di n. 4 autoambulanze con medici;<br \/>\n<b>VEICOLI AL SEGUITO<\/b><br \/>\nLa gara potr\u00e0 essere seguita solo dai mezzi inerenti all&#8217;organizzazione della manifestazione. NON SONO AMMESSE AMMIRAGLIE TEAM COME DA REGOLAMENTO.<br \/>\n<b>CODICE DELLA STRADA<\/b><br \/>\nIl traffico veicolare durante la manifestazione \u00e8 aperto e pertanto vige l&#8217;assoluta osservanza del Codice della strada.<br \/>\nI corridori che verranno superati dalla vettura di fine gara proseguiranno la corsa come cicloturisti (\u00e8 obbligatorio indossare il dorsale numero fino a conclusione della manifestazione) rispettando il codice della strada.<br \/>\nL&#8217;organizzazione declina ogni responsabilit\u00e0 per fatti accaduti prima, durante e dopo la manifestazione e che vedano coinvolti partecipanti sia tra loro sia con terzi.<br \/>\n<b>TESSERAMENTO GIORNALIERO<\/b><br \/>\nPer coloro che non sono in possesso di tessera annuale ACSI o enti riconosciuti CONI, \u00e8 possibile sottoscrivere una tessera giornaliera ACSI del costo di Euro 10,00; il tesseramento va richiesto all&#8217;atto dell&#8217;iscrizione alla segreteria iscrizioni; il tesseramento regolarizza la posizione dell&#8217;atleta dal punto di vista assicurativo.<br \/>\n\u00c8 altres\u00ec necessario inviare o presentare copia di certificato medico attestante la buona salute del partecipante: * certificato di Idoneit\u00e0 all&#8217;attivit\u00e0 Agonistica<br \/>\n<b>SQUALIFICHE<\/b><br \/>\nSqualifiche: La partecipazione con pettorale di un altro corridore, la cessione del pettorale ad altri, la partenza in una griglia precedente a quella assegnata o altro fatto grave che verr\u00e0 rilevato dall&#8217;organizzazione causer\u00e0 l&#8217;estromissione dalla classifica e la squalifica dalla manifestazione da due a cinque anni. Si fa appello al senso civico dei partecipanti al fine di non gettare rifiuti lungo le strade, bens\u00ec riporli negli appositi contenitori ai posti di ristoro.<br \/>\n<b>PROGRAMMA<\/b><br \/>\n\u2013 SABATO 14 MARZO 2026<br \/>\nore 15:00\/19:00 consegna Pacco Gara presso Via Roma, Rosciano (Piazza Matteotti)<br \/>\n\u2013 DOMENICA 15 MARZO 2026<br \/>\nore 07:00\/8:30 apertura iscrizioni giornaliero e ritiro numeri, chip, ritiro pacco gara.<br \/>\n-Ore 08:40 apertura griglie<br \/>\n\u2013 ore 09:00 partenza Agonistica LUNGO e CORTO;<br \/>\nPer quanto non contemplato vale il Regolamento ACSI Vige il rispetto del Codice della Strada.<\/p>\n","protected":false},"excerpt":{"rendered":"<p>Regolamento PROGRAMMA La QUINTA edizione della GRAN FONDO \u201cTRATTURO MAGNO \u201c, fissata a ROSCIANO ( PE) DOMENICA 15 MARZO 2026, \u00e8 aperta a tutti i CICLOAMATORI \u00a0di ambo i sessi, italiani e stranieri compresi tra i 18 e 75 anni, purch\u00e9 tesserati alla ACSI o a Enti della Consulta Nazionale e ai NON TESSERATI purch\u00e9 [&hellip;]<\/p>\n","protected":false},"author":1,"featured_media":3689,"parent":0,"menu_order":0,"comment_status":"closed","ping_status":"closed","template":"","meta":{"two_page_speed":[],"footnotes":""},"class_list":["post-485","page","type-page","status-publish","has-post-thumbnail","hentry"],"acf":[],"_links":{"self":[{"href":"https:\/\/www.fondotratturomagno.it\/index.php\/wp-json\/wp\/v2\/pages\/485","targetHints":{"allow":["GET"]}}],"collection":[{"href":"https:\/\/www.fondotratturomagno.it\/index.php\/wp-json\/wp\/v2\/pages"}],"about":[{"href":"https:\/\/www.fondotratturomagno.it\/index.php\/wp-json\/wp\/v2\/types\/page"}],"author":[{"embeddable":true,"href":"https:\/\/www.fondotratturomagno.it\/index.php\/wp-json\/wp\/v2\/users\/1"}],"replies":[{"embeddable":true,"href":"https:\/\/www.fondotratturomagno.it\/index.php\/wp-json\/wp\/v2\/comments?post=485"}],"version-history":[{"count":30,"href":"https:\/\/www.fondotratturomagno.it\/index.php\/wp-json\/wp\/v2\/pages\/485\/revisions"}],"predecessor-version":[{"id":5309,"href":"https:\/\/www.fondotratturomagno.it\/index.php\/wp-json\/wp\/v2\/pages\/485\/revisions\/5309"}],"wp:featuredmedia":[{"embeddable":true,"href":"https:\/\/www.fondotratturomagno.it\/index.php\/wp-json\/wp\/v2\/media\/3689"}],"wp:attachment":[{"href":"https:\/\/www.fondotratturomagno.it\/index.php\/wp-json\/wp\/v2\/media?parent=485"}],"curies":[{"name":"wp","href":"https:\/\/api.w.org\/{rel}","templated":true}]}}